
True
Does 33 divide 3531924?
True
Is 23 a factor of 143819?
True
Is 8236875 a multiple of 10?
False
Is 43 a factor of 1788757?
True
Is 180 a factor of 1383850?
False
Is 52 a factor of 344107?
False
Is 5 a factor of 2303226?
False
Is 214168 a multiple of 102?
False
Does 9 divide 2135090?
False
Is 264 a factor of 528000?
True
Is 175 a factor of 520450?
True
Is 11 a factor of 6897?
True
Does 135 divide 4150035?
True
Is 651131 a multiple of 123?
False
Does 5 divide 218712?
False
Does 82 divide 123957?
False
Does 108 divide 97677?
False
Is 109 a factor of 5496870?
True
Does 48 divide 109622?
False
Is 66564 a multiple of 107?
False
Does 13 divide 170507?
False
Is 149130 a multiple of 7?
False
Does 11 divide 71247?
True
Does 14 divide 513352?
True
Is 20330 a multiple of 5?
True
Is 8754890 a multiple of 481?
False
Is 5229860 a multiple of 142?
True
Is 1630490 a multiple of 10?
True
Is 79968 a multiple of 102?
True
Is 16 a factor of 238528?
True
Is 13 a factor of 2015689?
True
Is 321 a factor of 782277?
True
Is 21 a factor of 6364589?
False
Does 79 divide 585548?
True
Is 6259543 a multiple of 37?
False
Is 1233656 a multiple of 587?
False
Is 482679 a multiple of 61?
False
Does 231 divide 2563176?
True
Is 49 a factor of 3242342?
False
Does 556 divide 3098032?
True
Is 605129 a multiple of 413?
False
Does 16 divide 878841?
False
Does 21 divide 79716?
True
Does 14 divide 92824?
False
Is 124168 a multiple of 16?
False
Is 112 a factor of 17152016?
True
Does 786 divide 939270?
True
Is 37488 a multiple of 51?
False
Is 60979 a multiple of 38?
False
Is 798 a factor of 2086338?
False
Is 65 a factor of 135070?
True
Does 10 divide 1908697?
False
Is 18 a factor of 60804?
True
Does 1154 divide 7385268?
False
Is 350240 a multiple of 199?
True
Does 226 divide 730884?
True
Is 6795005 a multiple of 805?
True
Is 121 a factor of 126324?
True
Is 178750 a multiple of 250?
True
Is 24 a factor of 638208?
True
Does 3 divide 519?
True
Is 13536154 a multiple of 10?
False
Is 529 a factor of 895068?
True
Is 147 a factor of 95387?
False
Does 234 divide 6661275?
False
Is 160 a factor of 148262?
False
Is 40887 a multiple of 177?
True
Does 26 divide 9230?
True
Is 2994 a multiple of 9?
False
Is 391839 a multiple of 21?
True
Is 4164248 a multiple of 22?
True
Does 22 divide 70180?
True
Does 14 divide 4532345?
False
Is 66 a factor of 1618285?
False
Is 12883 a multiple of 2?
False
Is 81 a factor of 2755447?
False
Is 5249868 a multiple of 146?
True
Is 760 a factor of 477280?
True
Is 64 a factor of 1888704?
True
Is 19 a factor of 1406076?
True
Is 166245 a multiple of 97?
False
Is 5 a factor of 311430?
True
Is 329 a factor of 395787?
True
Is 769 a factor of 627716?
False
Does 458 divide 947?
False
Is 93 a factor of 666252?
True
Does 68 divide 20060?
True
Is 1431 a multiple of 9?
True
Is 358 a factor of 685212?
True
Is 8619000 a multiple of 60?
True
Is 4020596 a multiple of 4?
True
Does 169 divide 7633015?
False
Is 51 a factor of 604758?
True
Does 28 divide 986050?
False
Is 97880 a multiple of 12?
False
Is 22 a factor of 110242?
True
Is 2747 a multiple of 41?
True
Is 247866 a multiple of 327?
True
Does 409 divide 1406551?
True
Is 252 a factor of 775780?
False
Is 11766111 a multiple of 37?
True
Does 103 divide 5521727?
True
Is 26803 a multiple of 3?
False
Does 89 divide 774567?
True
Is 1313658 a multiple of 15?
False
Is 49 a factor of 446488?
True
Is 24 a factor of 121320?
True
Does 54 divide 543732?
False
Is 414 a factor of 160133?
False
Is 9 a factor of 8370?
True
Is 72 a factor of 5737680?
True
Is 56 a factor of 97776?
True
Is 17 a factor of 283186?
True
Does 64 divide 37917?
False
Is 655 a factor of 1007870?
False
Is 8016 a multiple of 12?
True
Is 10355400 a multiple of 394?
False
Is 4 a factor of 95850?
False
Is 5055544 a multiple of 369?
False
Is 7808 a multiple of 16?
True
Is 145494 a multiple of 32?
False
Is 246283 a multiple of 275?
False
Is 28 a factor of 19128756?
False
Is 67 a factor of 216343?
True
Is 4452372 a multiple of 14?
False
Does 5 divide 618?
False
Is 31 a factor of 2367263?
False
Does 6 divide 180808?
False
Is 160 a factor of 561476?
False
Does 95 divide 134426?
False
Is 85 a factor of 24137?
False
Is 544 a factor of 4469025?
False
Is 2 a factor of 17402?
True
Is 1465192 a multiple of 184?
True
Is 33167 a multiple of 17?
True
Is 52 a factor of 184731?
False
Does 7 divide 178167?
False
Is 169229 a multiple of 10?
False
Does 13 divide 3462355?
True
Is 7 a factor of 3002040?
False
Is 10 a factor of 33030?
True
Is 3335936 a multiple of 8?
True
Is 3378968 a multiple of 4?
True
Does 620 divide 3282388?
False
Is 64 a factor of 33280?
True
Is 8 a factor of 504858?
False
Is 476 a factor of 4587688?
True
Does 337 divide 1854817?
False
Is 131 a factor of 1156937?
False
Does 24 divide 137337?
False
Does 9 divide 37253?
False
Is 257948 a multiple of 8?
False
Is 35008 a multiple of 8?
True
Does 54 divide 51948?
True
Is 5 a factor of 1140399?
False
Is 18909738 a multiple of 11?
False
Does 12 divide 2039974?
False
Is 712432 a multiple of 3?
False
Is 478237 a multiple of 16?
False
Is 895482 a multiple of 138?
True
Is 290023 a multiple of 16?
False
Does 31 divide 113429?
True
Is 308 a factor of 448808?
False
Is 72622 a multiple of 34?
False
Does 21 divide 711711?
True
Is 248 a factor of 69297?
False
Is 2517155 a multiple of 320?
False
Is 20 a factor of 2519500?
True
Is 2 a factor of 18164?
True
Is 43400 a multiple of 35?
True
Is 7 a factor of 8541211?
True
Is 178 a factor of 231594?
False
Is 2448864 a multiple of 44?
True
Does 13 divide 5500?
False
Does 50 divide 4450?
True
Does 36 divide 3242494?
False
Is 478097 a multiple of 10?
False
Is 23 a factor of 133538?
True
Does 1355 divide 6479712?
False
Does 37 divide 113479?
True
Is 145 a factor of 331558?
False
Is 27388 a multiple of 41?
True
Is 43 a factor of 22520562?
True
Is 29032 a multiple of 5?
False
Is 82 a factor of 94382?
True
Is 982 a factor of 1300362?
False
Is 202493 a multiple of 6?
False
Does 57 divide 55461?
True
Is 9 a factor of 16963?
False
Does 105 divide 326025?
True
Does 75 divide 508575?
True
Does 24 divide 13680384?
True
Is 16 a factor of 566185?
False
Is 4 a factor of 86792?
True
Does 60 divide 195840?
True
Does 28 divide 3419723?
False
Is 6239923 a multiple of 1207?
False
Is 12728 a multiple of 4?
True
Is 8 a factor of 20543?
False
Is 140 a factor of 94353?
False
Is 94 a factor of 154066?
True
Is 44 a factor of 1884688?
False
Is 188 a factor of 12814?
False
Does 103 divide 16426147?
False
Is 937 a factor of 2798580?
False
Does 40 divide 8982375?
False
Is 1521260 a multiple of 65?
True
Is 31 a factor of 231880?
True
Does 9 divide 115128?
True
Is 408033 a multiple of 9?
True
Does 284 divide 297885?
False
Is 24 a factor of 297607?
False
Does 95 divide 169100?
True
Is 25 a factor of 143150?
True
Does 10 divide 92186?
False
Does 432 divide 5495904?
True
Is 386 a factor of 4502690?
True
Does 3 divide 40844?
False
Is 1872 a factor of 9159696?
True
Is 367 a factor of 108702?
False
Is 13 a factor of 36101?
True
Is 5820164 a multiple of 218?
True
Is 2685400 a multiple of 50?
True
Is 1143192 a multiple of 152?
True
Is 569945 a multiple of 115?
False
Is 12 a factor of 106730?
False
Is 4080 a multiple of 120?
True
Is 4789296 a multiple of 158?
True
Is 8939761 a multiple of 347?
True
Is 195 a factor of 6161349?
False
Is 2 a factor of 11853?
False
Is 17 a factor of 1855941?
True
Is 5942201 a multiple of 343?
False
Is 33319 a multiple of 233?
True
Is 2496360 a multiple of 293?
True
Does 31 divide 240133?
False
Is 436 a factor of 742508?
True
Does 11 divide 1113301?
False
Is 15 a factor of 825585?
True
Does 40 divide 743337?
False
Is 1235912 a multiple of 351?
False
Does 7 divide 51485?
True
Is 1896253 a multiple of 57?
False
Is 431 a factor of 1571788?
False
Does 6 divide 16078?
False
Does 343 divide 782726?
True
Does 119 divide 1975995?
True
Is 2 a factor of 286184?
True
Does 16 divide 985184?
True
Does 1733 divide 19948563?
True
Is 45 a factor of 647550?
True
Does 46 divide 417443?
False
Is 16 a factor of 2705587?
False
Is 19 a factor of 191078?
False
Does 155 divide 1816755?
True
Is 6 a factor of 10623177?
False
Does 65 divide 76681?
False
Does 2 divide 802772?
True
Is 723919 a multiple of 133?
True
Is 912516 a multiple of 450?